{"id":283,"date":"2025-01-01T19:52:22","date_gmt":"2025-01-01T18:52:22","guid":{"rendered":"https:\/\/zswolagulowska.adamow.pl\/?page_id=283"},"modified":"2025-01-07T09:24:58","modified_gmt":"2025-01-07T08:24:58","slug":"ochrona-maloletnich","status":"publish","type":"page","link":"https:\/\/zswolagulowska.adamow.pl\/?page_id=283","title":{"rendered":"OCHRONA MA\u0141OLETNICH"},"content":{"rendered":"<h3>Standardy Ochrony Ma\u0142oletnich w Zespole Szk\u00f3\u0142 im. Gen. Franciszka Kleeberga w Woli Gu\u0142owskiej<\/h3>\n<p>&nbsp;<\/p>\n<p><a href=\"http:\/\/zswolagulowska.adamow.pl\/wp-content\/uploads\/2025\/01\/SOM_P.pdf\" target=\"_self\">Wersja pe\u0142na z polityk\u0105 ochrony ma\u0142oletnich i procedurami &#8211; kliknij tutaj<\/a><\/p>\n<p><a href=\"http:\/\/zswolagulowska.adamow.pl\/wp-content\/uploads\/2025\/01\/SOM_S.pdf\">Wersja skr\u00f3cona dla uczni\u00f3w &#8211; kliknij tutaj<\/a><\/p>\n<p>&nbsp;<\/p>\n<div class=\"wp-block-image\"><img fetchpriority=\"high\" decoding=\"async\" class=\"aligncenter wp-image-289\" src=\"http:\/\/zswolagulowska.adamow.pl\/wp-content\/uploads\/2025\/01\/som-1024x724.jpg\" alt=\"\" width=\"716\" height=\"506\" srcset=\"https:\/\/zswolagulowska.adamow.pl\/wp-content\/uploads\/2025\/01\/som-1024x724.jpg 1024w, https:\/\/zswolagulowska.adamow.pl\/wp-content\/uploads\/2025\/01\/som-300x212.jpg 300w, https:\/\/zswolagulowska.adamow.pl\/wp-content\/uploads\/2025\/01\/som-768x543.jpg 768w, https:\/\/zswolagulowska.adamow.pl\/wp-content\/uploads\/2025\/01\/som-1536x1086.jpg 1536w, https:\/\/zswolagulowska.adamow.pl\/wp-content\/uploads\/2025\/01\/som-2048x1448.jpg 2048w\" sizes=\"(max-width: 716px) 100vw, 716px\" \/><\/div>\n","protected":false},"excerpt":{"rendered":"<p>Standardy Ochrony Ma\u0142oletnich w Zespole Szk\u00f3\u0142 im. Gen. Franciszka Kleeberga w Woli Gu\u0142owskiej &nbsp; Wersja pe\u0142na z polityk\u0105 ochrony ma\u0142oletnich i procedurami &#8211; kliknij tutaj Wersja skr\u00f3cona dla uczni\u00f3w &#8211; kliknij tutaj &nbsp;<\/p>\n","protected":false},"author":1,"featured_media":0,"parent":0,"menu_order":0,"comment_status":"closed","ping_status":"closed","template":"","meta":{"footnotes":""},"class_list":["post-283","page","type-page","status-publish","hentry"],"yoast_head":"<!-- This site is optimized with the Yoast SEO plugin v26.6 - https:\/\/yoast.com\/wordpress\/plugins\/seo\/ -->\n<title>OCHRONA MA\u0141OLETNICH - Zesp\u00f3\u0142 Szk\u00f3\u0142 im. gen. Franciszka Kleeberga w Woli Gu\u0142owskiej<\/title>\n<meta name=\"robots\" content=\"index, follow, max-snippet:-1, max-image-preview:large, max-video-preview:-1\" \/>\n<link rel=\"canonical\" href=\"http:\/\/zswolagulowska.adamow.pl\/?page_id=283\" \/>\n<meta property=\"og:locale\" content=\"pl_PL\" \/>\n<meta property=\"og:type\" content=\"article\" \/>\n<meta property=\"og:title\" content=\"OCHRONA MA\u0141OLETNICH - Zesp\u00f3\u0142 Szk\u00f3\u0142 im. gen. Franciszka Kleeberga w Woli Gu\u0142owskiej\" \/>\n<meta property=\"og:description\" content=\"Standardy Ochrony Ma\u0142oletnich w Zespole Szk\u00f3\u0142 im. Gen. Franciszka Kleeberga w Woli Gu\u0142owskiej &nbsp; Wersja pe\u0142na z polityk\u0105 ochrony ma\u0142oletnich i procedurami &#8211; kliknij tutaj Wersja skr\u00f3cona dla uczni\u00f3w &#8211; kliknij tutaj &nbsp;\" \/>\n<meta property=\"og:url\" content=\"http:\/\/zswolagulowska.adamow.pl\/?page_id=283\" \/>\n<meta property=\"og:site_name\" content=\"Zesp\u00f3\u0142 Szk\u00f3\u0142 im. gen. Franciszka Kleeberga w Woli Gu\u0142owskiej\" \/>\n<meta property=\"article:modified_time\" content=\"2025-01-07T08:24:58+00:00\" \/>\n<meta property=\"og:image\" content=\"http:\/\/zswolagulowska.adamow.pl\/wp-content\/uploads\/2025\/01\/som-1024x724.jpg\" \/>\n<meta name=\"twitter:card\" content=\"summary_large_image\" \/>\n<meta name=\"twitter:label1\" content=\"Szacowany czas czytania\" \/>\n\t<meta name=\"twitter:data1\" content=\"1 minuta\" \/>\n<script type=\"application\/ld+json\" class=\"yoast-schema-graph\">{\"@context\":\"https:\/\/schema.org\",\"@graph\":[{\"@type\":\"WebPage\",\"@id\":\"http:\/\/zswolagulowska.adamow.pl\/?page_id=283\",\"url\":\"http:\/\/zswolagulowska.adamow.pl\/?page_id=283\",\"name\":\"OCHRONA MA\u0141OLETNICH - Zesp\u00f3\u0142 Szk\u00f3\u0142 im. gen. Franciszka Kleeberga w Woli Gu\u0142owskiej\",\"isPartOf\":{\"@id\":\"https:\/\/zswolagulowska.adamow.pl\/#website\"},\"primaryImageOfPage\":{\"@id\":\"http:\/\/zswolagulowska.adamow.pl\/?page_id=283#primaryimage\"},\"image\":{\"@id\":\"http:\/\/zswolagulowska.adamow.pl\/?page_id=283#primaryimage\"},\"thumbnailUrl\":\"http:\/\/zswolagulowska.adamow.pl\/wp-content\/uploads\/2025\/01\/som-1024x724.jpg\",\"datePublished\":\"2025-01-01T18:52:22+00:00\",\"dateModified\":\"2025-01-07T08:24:58+00:00\",\"breadcrumb\":{\"@id\":\"http:\/\/zswolagulowska.adamow.pl\/?page_id=283#breadcrumb\"},\"inLanguage\":\"pl-PL\",\"potentialAction\":[{\"@type\":\"ReadAction\",\"target\":[\"http:\/\/zswolagulowska.adamow.pl\/?page_id=283\"]}]},{\"@type\":\"ImageObject\",\"inLanguage\":\"pl-PL\",\"@id\":\"http:\/\/zswolagulowska.adamow.pl\/?page_id=283#primaryimage\",\"url\":\"http:\/\/zswolagulowska.adamow.pl\/wp-content\/uploads\/2025\/01\/som-1024x724.jpg\",\"contentUrl\":\"http:\/\/zswolagulowska.adamow.pl\/wp-content\/uploads\/2025\/01\/som-1024x724.jpg\"},{\"@type\":\"BreadcrumbList\",\"@id\":\"http:\/\/zswolagulowska.adamow.pl\/?page_id=283#breadcrumb\",\"itemListElement\":[{\"@type\":\"ListItem\",\"position\":1,\"name\":\"Home\",\"item\":\"https:\/\/zswolagulowska.adamow.pl\/\"},{\"@type\":\"ListItem\",\"position\":2,\"name\":\"OCHRONA MA\u0141OLETNICH\"}]},{\"@type\":\"WebSite\",\"@id\":\"https:\/\/zswolagulowska.adamow.pl\/#website\",\"url\":\"https:\/\/zswolagulowska.adamow.pl\/\",\"name\":\"Zesp\u00f3\u0142 Szk\u00f3\u0142 im. gen Franciszka Kleeberga w Woli Gu\u0142owskiej\",\"description\":\"&quot;Uczymy si\u0119 nie dla szko\u0142y, lecz dla \u017cycia.&quot;\",\"publisher\":{\"@id\":\"https:\/\/zswolagulowska.adamow.pl\/#organization\"},\"potentialAction\":[{\"@type\":\"SearchAction\",\"target\":{\"@type\":\"EntryPoint\",\"urlTemplate\":\"https:\/\/zswolagulowska.adamow.pl\/?s={search_term_string}\"},\"query-input\":{\"@type\":\"PropertyValueSpecification\",\"valueRequired\":true,\"valueName\":\"search_term_string\"}}],\"inLanguage\":\"pl-PL\"},{\"@type\":\"Organization\",\"@id\":\"https:\/\/zswolagulowska.adamow.pl\/#organization\",\"name\":\"Zesp\u00f3\u0142 Szk\u00f3\u0142 im. gen Franciszka Kleeberga w Woli Gu\u0142owskiej\",\"url\":\"https:\/\/zswolagulowska.adamow.pl\/\",\"logo\":{\"@type\":\"ImageObject\",\"inLanguage\":\"pl-PL\",\"@id\":\"https:\/\/zswolagulowska.adamow.pl\/#\/schema\/logo\/image\/\",\"url\":\"https:\/\/zswolagulowska.adamow.pl\/wp-content\/uploads\/2023\/01\/cropped-cropped-cropped-logo-1-1.png\",\"contentUrl\":\"https:\/\/zswolagulowska.adamow.pl\/wp-content\/uploads\/2023\/01\/cropped-cropped-cropped-logo-1-1.png\",\"width\":420,\"height\":403,\"caption\":\"Zesp\u00f3\u0142 Szk\u00f3\u0142 im. gen Franciszka Kleeberga w Woli Gu\u0142owskiej\"},\"image\":{\"@id\":\"https:\/\/zswolagulowska.adamow.pl\/#\/schema\/logo\/image\/\"}}]}<\/script>\n<!-- \/ Yoast SEO plugin. -->","yoast_head_json":{"title":"OCHRONA MA\u0141OLETNICH - Zesp\u00f3\u0142 Szk\u00f3\u0142 im. gen. Franciszka Kleeberga w Woli Gu\u0142owskiej","robots":{"index":"index","follow":"follow","max-snippet":"max-snippet:-1","max-image-preview":"max-image-preview:large","max-video-preview":"max-video-preview:-1"},"canonical":"http:\/\/zswolagulowska.adamow.pl\/?page_id=283","og_locale":"pl_PL","og_type":"article","og_title":"OCHRONA MA\u0141OLETNICH - Zesp\u00f3\u0142 Szk\u00f3\u0142 im. gen. Franciszka Kleeberga w Woli Gu\u0142owskiej","og_description":"Standardy Ochrony Ma\u0142oletnich w Zespole Szk\u00f3\u0142 im. Gen. Franciszka Kleeberga w Woli Gu\u0142owskiej &nbsp; Wersja pe\u0142na z polityk\u0105 ochrony ma\u0142oletnich i procedurami &#8211; kliknij tutaj Wersja skr\u00f3cona dla uczni\u00f3w &#8211; kliknij tutaj &nbsp;","og_url":"http:\/\/zswolagulowska.adamow.pl\/?page_id=283","og_site_name":"Zesp\u00f3\u0142 Szk\u00f3\u0142 im. gen. Franciszka Kleeberga w Woli Gu\u0142owskiej","article_modified_time":"2025-01-07T08:24:58+00:00","og_image":[{"url":"http:\/\/zswolagulowska.adamow.pl\/wp-content\/uploads\/2025\/01\/som-1024x724.jpg","type":"","width":"","height":""}],"twitter_card":"summary_large_image","twitter_misc":{"Szacowany czas czytania":"1 minuta"},"schema":{"@context":"https:\/\/schema.org","@graph":[{"@type":"WebPage","@id":"http:\/\/zswolagulowska.adamow.pl\/?page_id=283","url":"http:\/\/zswolagulowska.adamow.pl\/?page_id=283","name":"OCHRONA MA\u0141OLETNICH - Zesp\u00f3\u0142 Szk\u00f3\u0142 im. gen. Franciszka Kleeberga w Woli Gu\u0142owskiej","isPartOf":{"@id":"https:\/\/zswolagulowska.adamow.pl\/#website"},"primaryImageOfPage":{"@id":"http:\/\/zswolagulowska.adamow.pl\/?page_id=283#primaryimage"},"image":{"@id":"http:\/\/zswolagulowska.adamow.pl\/?page_id=283#primaryimage"},"thumbnailUrl":"http:\/\/zswolagulowska.adamow.pl\/wp-content\/uploads\/2025\/01\/som-1024x724.jpg","datePublished":"2025-01-01T18:52:22+00:00","dateModified":"2025-01-07T08:24:58+00:00","breadcrumb":{"@id":"http:\/\/zswolagulowska.adamow.pl\/?page_id=283#breadcrumb"},"inLanguage":"pl-PL","potentialAction":[{"@type":"ReadAction","target":["http:\/\/zswolagulowska.adamow.pl\/?page_id=283"]}]},{"@type":"ImageObject","inLanguage":"pl-PL","@id":"http:\/\/zswolagulowska.adamow.pl\/?page_id=283#primaryimage","url":"http:\/\/zswolagulowska.adamow.pl\/wp-content\/uploads\/2025\/01\/som-1024x724.jpg","contentUrl":"http:\/\/zswolagulowska.adamow.pl\/wp-content\/uploads\/2025\/01\/som-1024x724.jpg"},{"@type":"BreadcrumbList","@id":"http:\/\/zswolagulowska.adamow.pl\/?page_id=283#breadcrumb","itemListElement":[{"@type":"ListItem","position":1,"name":"Home","item":"https:\/\/zswolagulowska.adamow.pl\/"},{"@type":"ListItem","position":2,"name":"OCHRONA MA\u0141OLETNICH"}]},{"@type":"WebSite","@id":"https:\/\/zswolagulowska.adamow.pl\/#website","url":"https:\/\/zswolagulowska.adamow.pl\/","name":"Zesp\u00f3\u0142 Szk\u00f3\u0142 im. gen Franciszka Kleeberga w Woli Gu\u0142owskiej","description":"&quot;Uczymy si\u0119 nie dla szko\u0142y, lecz dla \u017cycia.&quot;","publisher":{"@id":"https:\/\/zswolagulowska.adamow.pl\/#organization"},"potentialAction":[{"@type":"SearchAction","target":{"@type":"EntryPoint","urlTemplate":"https:\/\/zswolagulowska.adamow.pl\/?s={search_term_string}"},"query-input":{"@type":"PropertyValueSpecification","valueRequired":true,"valueName":"search_term_string"}}],"inLanguage":"pl-PL"},{"@type":"Organization","@id":"https:\/\/zswolagulowska.adamow.pl\/#organization","name":"Zesp\u00f3\u0142 Szk\u00f3\u0142 im. gen Franciszka Kleeberga w Woli Gu\u0142owskiej","url":"https:\/\/zswolagulowska.adamow.pl\/","logo":{"@type":"ImageObject","inLanguage":"pl-PL","@id":"https:\/\/zswolagulowska.adamow.pl\/#\/schema\/logo\/image\/","url":"https:\/\/zswolagulowska.adamow.pl\/wp-content\/uploads\/2023\/01\/cropped-cropped-cropped-logo-1-1.png","contentUrl":"https:\/\/zswolagulowska.adamow.pl\/wp-content\/uploads\/2023\/01\/cropped-cropped-cropped-logo-1-1.png","width":420,"height":403,"caption":"Zesp\u00f3\u0142 Szk\u00f3\u0142 im. gen Franciszka Kleeberga w Woli Gu\u0142owskiej"},"image":{"@id":"https:\/\/zswolagulowska.adamow.pl\/#\/schema\/logo\/image\/"}}]}},"_links":{"self":[{"href":"https:\/\/zswolagulowska.adamow.pl\/index.php?rest_route=\/wp\/v2\/pages\/283","targetHints":{"allow":["GET"]}}],"collection":[{"href":"https:\/\/zswolagulowska.adamow.pl\/index.php?rest_route=\/wp\/v2\/pages"}],"about":[{"href":"https:\/\/zswolagulowska.adamow.pl\/index.php?rest_route=\/wp\/v2\/types\/page"}],"author":[{"embeddable":true,"href":"https:\/\/zswolagulowska.adamow.pl\/index.php?rest_route=\/wp\/v2\/users\/1"}],"replies":[{"embeddable":true,"href":"https:\/\/zswolagulowska.adamow.pl\/index.php?rest_route=%2Fwp%2Fv2%2Fcomments&post=283"}],"version-history":[{"count":5,"href":"https:\/\/zswolagulowska.adamow.pl\/index.php?rest_route=\/wp\/v2\/pages\/283\/revisions"}],"predecessor-version":[{"id":792,"href":"https:\/\/zswolagulowska.adamow.pl\/index.php?rest_route=\/wp\/v2\/pages\/283\/revisions\/792"}],"wp:attachment":[{"href":"https:\/\/zswolagulowska.adamow.pl\/index.php?rest_route=%2Fwp%2Fv2%2Fmedia&parent=283"}],"curies":[{"name":"wp","href":"https:\/\/api.w.org\/{rel}","templated":true}]}}