{"id":829,"date":"2025-01-25T13:59:01","date_gmt":"2025-01-25T12:59:01","guid":{"rendered":"https:\/\/zswolagulowska.adamow.pl\/?page_id=829"},"modified":"2025-01-25T14:02:05","modified_gmt":"2025-01-25T13:02:05","slug":"opieka-stomatologiczna-i-zdrowotna","status":"publish","type":"page","link":"https:\/\/zswolagulowska.adamow.pl\/?page_id=829","title":{"rendered":"Opieka stomatologiczna i zdrowotna"},"content":{"rendered":"<p><strong>INFORMACJA DLA RODZIC\u00d3W<\/strong><\/p>\n<p style=\"font-weight: 400;\">Dyrektor Zespo\u0142u Szk\u00f3\u0142 im. Gen. Franciszka Kleeberga w Woli Gu\u0142owskiej informuje, \u017ce szko\u0142a zapewnia profilaktyczn\u0105 opiek\u0119 zdrowotn\u0105 i stomatologiczn\u0105 uczniom do 19 roku \u017cycia na poni\u017cszych zasadach:<\/p>\n<ol>\n<li style=\"font-weight: 400;\">Profilaktyczn\u0105 opiek\u0119 zdrowotn\u0105 sprawuje piel\u0119gniarka szkolna.<\/li>\n<li style=\"font-weight: 400;\">Gabinet piel\u0119gniarki mie\u015bci si\u0119 na parterze przy sali gimnastycznej w\u00a0\u00a0pokoju nr 25.<\/li>\n<li style=\"font-weight: 400;\">Piel\u0119gniarka szkolna przyjmuje w wy\u017cej wymienionym gabinecie zgodnie ze zg\u0142aszanymi przez szko\u0142\u0119 potrzebami.<\/li>\n<li style=\"font-weight: 400;\">\u015awiadczenie og\u00f3lnostomatologiczne realizowane s\u0105 w\u00a0\u00a0\u201eGabinecie Szkolnym\u201d ul. Szkolna 4, 21-412 Adam\u00f3w, tel. 501 547\u00a0615 po wcze\u015bniejszym um\u00f3wieniu wizyty. Na \u015bwiadczenia w gabinecie stomatologicznym dziecko zg\u0142asza si\u0119 z rodzicem\/prawnym opiekunem.<\/li>\n<li style=\"font-weight: 400;\">Rodzice\/Opiekunowie prawni maj\u0105 mo\u017cliwo\u015b\u0107 wyra\u017cenia sprzeciwu z\u0142o\u017conego \u015bwiadczeniodawcy, tj. piel\u0119gniarce wobec profilaktycznej opieki zdrowotnej oraz denty\u015bcie wobec profilaktycznych \u015bwiadcze\u0144 stomatologicznych dla uczni\u00f3w. Je\u017celi rodzic nie zg\u0142asza pisemnie sprzeciwu oznacza to, \u017ce godzi si\u0119 na profilaktyczn\u0105 opiek\u0119 w tym zakresie.<\/li>\n<\/ol>\n<p style=\"font-weight: 400;\">Za\u0142\u0105czniki:<\/p>\n<ol>\n<li style=\"font-weight: 400;\"><a href=\"http:\/\/zswolagulowska.adamow.pl\/wp-content\/uploads\/2025\/01\/Sprzeciw.pdf\"> Wz\u00f3r sprzeciwu.<\/a><\/li>\n<\/ol>\n","protected":false},"excerpt":{"rendered":"<p>INFORMACJA DLA RODZIC\u00d3W Dyrektor Zespo\u0142u Szk\u00f3\u0142 im. Gen. Franciszka Kleeberga w Woli Gu\u0142owskiej informuje, \u017ce szko\u0142a zapewnia profilaktyczn\u0105 opiek\u0119 zdrowotn\u0105 i stomatologiczn\u0105 uczniom do 19 roku \u017cycia na poni\u017cszych zasadach: Profilaktyczn\u0105 opiek\u0119 zdrowotn\u0105 sprawuje&#46;&#46;&#46;<\/p>\n","protected":false},"author":1,"featured_media":0,"parent":0,"menu_order":0,"comment_status":"closed","ping_status":"closed","template":"","meta":{"footnotes":""},"class_list":["post-829","page","type-page","status-publish","hentry"],"yoast_head":"<!-- This site is optimized with the Yoast SEO plugin v26.6 - https:\/\/yoast.com\/wordpress\/plugins\/seo\/ -->\n<title>Opieka stomatologiczna i zdrowotna - Zesp\u00f3\u0142 Szk\u00f3\u0142 im. gen. Franciszka Kleeberga w Woli Gu\u0142owskiej<\/title>\n<meta name=\"robots\" content=\"index, follow, max-snippet:-1, max-image-preview:large, max-video-preview:-1\" \/>\n<link rel=\"canonical\" href=\"http:\/\/zswolagulowska.adamow.pl\/?page_id=829\" \/>\n<meta property=\"og:locale\" content=\"pl_PL\" \/>\n<meta property=\"og:type\" content=\"article\" \/>\n<meta property=\"og:title\" content=\"Opieka stomatologiczna i zdrowotna - Zesp\u00f3\u0142 Szk\u00f3\u0142 im. gen. Franciszka Kleeberga w Woli Gu\u0142owskiej\" \/>\n<meta property=\"og:description\" content=\"INFORMACJA DLA RODZIC\u00d3W Dyrektor Zespo\u0142u Szk\u00f3\u0142 im. Gen. Franciszka Kleeberga w Woli Gu\u0142owskiej informuje, \u017ce szko\u0142a zapewnia profilaktyczn\u0105 opiek\u0119 zdrowotn\u0105 i stomatologiczn\u0105 uczniom do 19 roku \u017cycia na poni\u017cszych zasadach: Profilaktyczn\u0105 opiek\u0119 zdrowotn\u0105 sprawuje&#046;&#046;&#046;\" \/>\n<meta property=\"og:url\" content=\"http:\/\/zswolagulowska.adamow.pl\/?page_id=829\" \/>\n<meta property=\"og:site_name\" content=\"Zesp\u00f3\u0142 Szk\u00f3\u0142 im. gen. Franciszka Kleeberga w Woli Gu\u0142owskiej\" \/>\n<meta property=\"article:modified_time\" content=\"2025-01-25T13:02:05+00:00\" \/>\n<meta name=\"twitter:card\" content=\"summary_large_image\" \/>\n<meta name=\"twitter:label1\" content=\"Szacowany czas czytania\" \/>\n\t<meta name=\"twitter:data1\" content=\"1 minuta\" \/>\n<script type=\"application\/ld+json\" class=\"yoast-schema-graph\">{\"@context\":\"https:\/\/schema.org\",\"@graph\":[{\"@type\":\"WebPage\",\"@id\":\"http:\/\/zswolagulowska.adamow.pl\/?page_id=829\",\"url\":\"http:\/\/zswolagulowska.adamow.pl\/?page_id=829\",\"name\":\"Opieka stomatologiczna i zdrowotna - Zesp\u00f3\u0142 Szk\u00f3\u0142 im. gen. Franciszka Kleeberga w Woli Gu\u0142owskiej\",\"isPartOf\":{\"@id\":\"https:\/\/zswolagulowska.adamow.pl\/#website\"},\"datePublished\":\"2025-01-25T12:59:01+00:00\",\"dateModified\":\"2025-01-25T13:02:05+00:00\",\"breadcrumb\":{\"@id\":\"http:\/\/zswolagulowska.adamow.pl\/?page_id=829#breadcrumb\"},\"inLanguage\":\"pl-PL\",\"potentialAction\":[{\"@type\":\"ReadAction\",\"target\":[\"http:\/\/zswolagulowska.adamow.pl\/?page_id=829\"]}]},{\"@type\":\"BreadcrumbList\",\"@id\":\"http:\/\/zswolagulowska.adamow.pl\/?page_id=829#breadcrumb\",\"itemListElement\":[{\"@type\":\"ListItem\",\"position\":1,\"name\":\"Home\",\"item\":\"https:\/\/zswolagulowska.adamow.pl\/\"},{\"@type\":\"ListItem\",\"position\":2,\"name\":\"Opieka stomatologiczna i zdrowotna\"}]},{\"@type\":\"WebSite\",\"@id\":\"https:\/\/zswolagulowska.adamow.pl\/#website\",\"url\":\"https:\/\/zswolagulowska.adamow.pl\/\",\"name\":\"Zesp\u00f3\u0142 Szk\u00f3\u0142 im. gen Franciszka Kleeberga w Woli Gu\u0142owskiej\",\"description\":\"&quot;Uczymy si\u0119 nie dla szko\u0142y, lecz dla \u017cycia.&quot;\",\"publisher\":{\"@id\":\"https:\/\/zswolagulowska.adamow.pl\/#organization\"},\"potentialAction\":[{\"@type\":\"SearchAction\",\"target\":{\"@type\":\"EntryPoint\",\"urlTemplate\":\"https:\/\/zswolagulowska.adamow.pl\/?s={search_term_string}\"},\"query-input\":{\"@type\":\"PropertyValueSpecification\",\"valueRequired\":true,\"valueName\":\"search_term_string\"}}],\"inLanguage\":\"pl-PL\"},{\"@type\":\"Organization\",\"@id\":\"https:\/\/zswolagulowska.adamow.pl\/#organization\",\"name\":\"Zesp\u00f3\u0142 Szk\u00f3\u0142 im. gen Franciszka Kleeberga w Woli Gu\u0142owskiej\",\"url\":\"https:\/\/zswolagulowska.adamow.pl\/\",\"logo\":{\"@type\":\"ImageObject\",\"inLanguage\":\"pl-PL\",\"@id\":\"https:\/\/zswolagulowska.adamow.pl\/#\/schema\/logo\/image\/\",\"url\":\"https:\/\/zswolagulowska.adamow.pl\/wp-content\/uploads\/2023\/01\/cropped-cropped-cropped-logo-1-1.png\",\"contentUrl\":\"https:\/\/zswolagulowska.adamow.pl\/wp-content\/uploads\/2023\/01\/cropped-cropped-cropped-logo-1-1.png\",\"width\":420,\"height\":403,\"caption\":\"Zesp\u00f3\u0142 Szk\u00f3\u0142 im. gen Franciszka Kleeberga w Woli Gu\u0142owskiej\"},\"image\":{\"@id\":\"https:\/\/zswolagulowska.adamow.pl\/#\/schema\/logo\/image\/\"}}]}<\/script>\n<!-- \/ Yoast SEO plugin. -->","yoast_head_json":{"title":"Opieka stomatologiczna i zdrowotna - Zesp\u00f3\u0142 Szk\u00f3\u0142 im. gen. Franciszka Kleeberga w Woli Gu\u0142owskiej","robots":{"index":"index","follow":"follow","max-snippet":"max-snippet:-1","max-image-preview":"max-image-preview:large","max-video-preview":"max-video-preview:-1"},"canonical":"http:\/\/zswolagulowska.adamow.pl\/?page_id=829","og_locale":"pl_PL","og_type":"article","og_title":"Opieka stomatologiczna i zdrowotna - Zesp\u00f3\u0142 Szk\u00f3\u0142 im. gen. Franciszka Kleeberga w Woli Gu\u0142owskiej","og_description":"INFORMACJA DLA RODZIC\u00d3W Dyrektor Zespo\u0142u Szk\u00f3\u0142 im. Gen. Franciszka Kleeberga w Woli Gu\u0142owskiej informuje, \u017ce szko\u0142a zapewnia profilaktyczn\u0105 opiek\u0119 zdrowotn\u0105 i stomatologiczn\u0105 uczniom do 19 roku \u017cycia na poni\u017cszych zasadach: Profilaktyczn\u0105 opiek\u0119 zdrowotn\u0105 sprawuje&#46;&#46;&#46;","og_url":"http:\/\/zswolagulowska.adamow.pl\/?page_id=829","og_site_name":"Zesp\u00f3\u0142 Szk\u00f3\u0142 im. gen. Franciszka Kleeberga w Woli Gu\u0142owskiej","article_modified_time":"2025-01-25T13:02:05+00:00","twitter_card":"summary_large_image","twitter_misc":{"Szacowany czas czytania":"1 minuta"},"schema":{"@context":"https:\/\/schema.org","@graph":[{"@type":"WebPage","@id":"http:\/\/zswolagulowska.adamow.pl\/?page_id=829","url":"http:\/\/zswolagulowska.adamow.pl\/?page_id=829","name":"Opieka stomatologiczna i zdrowotna - Zesp\u00f3\u0142 Szk\u00f3\u0142 im. gen. Franciszka Kleeberga w Woli Gu\u0142owskiej","isPartOf":{"@id":"https:\/\/zswolagulowska.adamow.pl\/#website"},"datePublished":"2025-01-25T12:59:01+00:00","dateModified":"2025-01-25T13:02:05+00:00","breadcrumb":{"@id":"http:\/\/zswolagulowska.adamow.pl\/?page_id=829#breadcrumb"},"inLanguage":"pl-PL","potentialAction":[{"@type":"ReadAction","target":["http:\/\/zswolagulowska.adamow.pl\/?page_id=829"]}]},{"@type":"BreadcrumbList","@id":"http:\/\/zswolagulowska.adamow.pl\/?page_id=829#breadcrumb","itemListElement":[{"@type":"ListItem","position":1,"name":"Home","item":"https:\/\/zswolagulowska.adamow.pl\/"},{"@type":"ListItem","position":2,"name":"Opieka stomatologiczna i zdrowotna"}]},{"@type":"WebSite","@id":"https:\/\/zswolagulowska.adamow.pl\/#website","url":"https:\/\/zswolagulowska.adamow.pl\/","name":"Zesp\u00f3\u0142 Szk\u00f3\u0142 im. gen Franciszka Kleeberga w Woli Gu\u0142owskiej","description":"&quot;Uczymy si\u0119 nie dla szko\u0142y, lecz dla \u017cycia.&quot;","publisher":{"@id":"https:\/\/zswolagulowska.adamow.pl\/#organization"},"potentialAction":[{"@type":"SearchAction","target":{"@type":"EntryPoint","urlTemplate":"https:\/\/zswolagulowska.adamow.pl\/?s={search_term_string}"},"query-input":{"@type":"PropertyValueSpecification","valueRequired":true,"valueName":"search_term_string"}}],"inLanguage":"pl-PL"},{"@type":"Organization","@id":"https:\/\/zswolagulowska.adamow.pl\/#organization","name":"Zesp\u00f3\u0142 Szk\u00f3\u0142 im. gen Franciszka Kleeberga w Woli Gu\u0142owskiej","url":"https:\/\/zswolagulowska.adamow.pl\/","logo":{"@type":"ImageObject","inLanguage":"pl-PL","@id":"https:\/\/zswolagulowska.adamow.pl\/#\/schema\/logo\/image\/","url":"https:\/\/zswolagulowska.adamow.pl\/wp-content\/uploads\/2023\/01\/cropped-cropped-cropped-logo-1-1.png","contentUrl":"https:\/\/zswolagulowska.adamow.pl\/wp-content\/uploads\/2023\/01\/cropped-cropped-cropped-logo-1-1.png","width":420,"height":403,"caption":"Zesp\u00f3\u0142 Szk\u00f3\u0142 im. gen Franciszka Kleeberga w Woli Gu\u0142owskiej"},"image":{"@id":"https:\/\/zswolagulowska.adamow.pl\/#\/schema\/logo\/image\/"}}]}},"_links":{"self":[{"href":"https:\/\/zswolagulowska.adamow.pl\/index.php?rest_route=\/wp\/v2\/pages\/829","targetHints":{"allow":["GET"]}}],"collection":[{"href":"https:\/\/zswolagulowska.adamow.pl\/index.php?rest_route=\/wp\/v2\/pages"}],"about":[{"href":"https:\/\/zswolagulowska.adamow.pl\/index.php?rest_route=\/wp\/v2\/types\/page"}],"author":[{"embeddable":true,"href":"https:\/\/zswolagulowska.adamow.pl\/index.php?rest_route=\/wp\/v2\/users\/1"}],"replies":[{"embeddable":true,"href":"https:\/\/zswolagulowska.adamow.pl\/index.php?rest_route=%2Fwp%2Fv2%2Fcomments&post=829"}],"version-history":[{"count":3,"href":"https:\/\/zswolagulowska.adamow.pl\/index.php?rest_route=\/wp\/v2\/pages\/829\/revisions"}],"predecessor-version":[{"id":834,"href":"https:\/\/zswolagulowska.adamow.pl\/index.php?rest_route=\/wp\/v2\/pages\/829\/revisions\/834"}],"wp:attachment":[{"href":"https:\/\/zswolagulowska.adamow.pl\/index.php?rest_route=%2Fwp%2Fv2%2Fmedia&parent=829"}],"curies":[{"name":"wp","href":"https:\/\/api.w.org\/{rel}","templated":true}]}}